 by 29.
27
Let t(s) = -3*s - 4. Suppose n - 5*n = -3*m - 30, 4*m = 5*n - 39. What is the remainder when 39 is divided by t(m)?
11
Let o(h) = 53*h**2 + 3*h - 3. What is the remainder when 209 is divided by o(1)?
50
Let n = -378 + 388. Let q = -35 + 63. Calculate the remainder when q is divided by n.
8
Let p(f) = -f**3 + 8*f**2 - 7*f + 4. Let c be p(7). Calculate the remainder when 34 - 0 - (-1)/1 is divided by (-90)/(-25)*10/c.
8
Let n(k) = 4*k - 15. Let d = 30 + -22. What is the remainder when 28 is divided by n(d)?
11
Suppose g = -4*j + 3, j - 1 = 5*g + 5*j. Let l(h) = -12*h**3 - 2*h**2 - 2*h - 1. Let c be l(g). Calculate the remainder when 75 is divided by 284/11 + 2/c.
23
Let f = -1046 + 1144. Calculate the remainder when f is divided by 3.
2
Let k = -3 + -6. Let f = 5 + k. Calculate the remainder when (0 - f/10)*115 is divided by 12.
10
Let j = 55 - 22. Suppose 28 = 5*x + 3*w, 5*x - 2*x - 20 = -5*w. Suppose -x*g = k - 4*k + 69, 78 = 4*k - 2*g. What is the remainder when j is divided by k?
15
Let c be (-18)/(-2) + -9 + 7. Let z(l) = -l + 17. Calculate the remainder when 36 + -3*(-2)/6 is divided by z(c).
7
Suppose -5*l = 4*t - 232, 0 = -3*t - 6*l + 3*l + 174. What is the remainder when t is divided by 20?
18
Let v(i) = i + 4. Let t be v(14). Let q be 2/t*-3*-12. Suppose 0 = 5*r + q*h - 7, -3*r + 2*r + h = -5. What is the remainder when 3 is divided by r?
0
Let o(u) = -u**2 - 3. Let z be o(6). What is the remainder when (z/(-4))/((-3)/(-12)) is divided by 8?
7
Suppose -2*n = -l - 40, 2*n = 6*n + 5*l - 108. Suppose 15*i - 16*i + 12 = 0. What is the remainder when n is divided by i?
10
What is the remainder when (-658)/(-56) + 10/8 is divided by (1/(-2))/(1/(-16))?
5
Let g(n) = -2*n + 32. Let j be g(16). Suppose 2*l + 3 - 19 = j. What is the remainder when l is divided by (-3 + -1)*(-3)/2?
2
Let j(g) = 101*g**2 - 10*g - 17. Calculate the remainder when j(3) is divided by 27.
25
Let x be 1 + 1 + 12 + 6. Suppose -5*n + 13 = k, 5*n - x = n - 4*k. What is the remainder when (n/(-4))/((-3)/42) is divided by 2?
1
Let i = 1257 + -1213. Calculate the remainder when 119 is divided by i.
31
What is the remainder when 236/10*1*5 is divided by 59/3 + 5/(15 - 0)?
18
Suppose 0 = 7*y - 10*y - 1002. Let c = -214 - y. Suppose 6*o = 2*o - 3*u + 230, 2*o - c = u. Calculate the remainder when o is divided by 20.
19
Suppose -2*p + 7*p = -15. Let q = 1 - -30. What is the remainder when q is divided by p + 19 - (0 - 1)/1?
14
Suppose -2*m - o + 125 = -0*m, -4*o = 12. Suppose 2*a - 6*a + m = 0. Calculate the remainder when 63 is divided by a.
15
Let g = 3 + -1. Suppose g*f - 6 = -f. Suppose 0 = -3*h - n + 62 - 45, -36 = -4*h + 2*n. What is the remainder when h is divided by f?
1
Let w = 532 + -407. Calculate the remainder when w is divided by 28.
13
Let f = 108 + -72. Suppose 0 = j + 4*j - 95. Calculate the remainder when f is divided by j.
17
Suppose -4*x + 0*x = 4, -f + 2*x + 34 = 0. Suppose f + 58 = 6*m. Calculate the remainder when 29 is divided by m.
14
Suppose -3*w + 119 = 6*h - 2*h, -3*w = -h - 124. What is the remainder when 102 is divided by w?
20
Calculate the remainder when 1946/9 + 8/(-36) is divided by 55.
51
Suppose 3*c = 5*h - 199, 5*h - 2*h = c + 117. What is the remainder when h is divided by 20?
18
Calculate the remainder when (-2)/(-18) + -19*(-404)/9 is divided by 15.
13
Suppose -739*g + 234 = -726*g. What is the remainder when 52 is divided by g?
16
Let x = 132 - 106. Suppose -3*j + 2*u - 120 = 0, -120 = 3*j - 2*u - 3*u. Let i = -26 - j. Calculate the remainder when x is divided by i.
12
Let q = -57 + 100. Suppose 5 = -2*h + q. What is the remainder when h is divided by 12?
7
Calculate the remainder when 66 is divided by (59 + -5 - 3) + -7.
22
Let l be (1 + -1 + -1 + 1)/(-1). Let s(f) = f**2 + 2*f**3 - 1 + 3 - f**3. What is the remainder when 2 is divided by s(l)?
0
Let l(y) = -2*y - 3. Suppose 0 = 3*j - 5 + 260. Let d = j - -117. Calculate the remainder when d is divided by l(-5).
4
What is the remainder when 269 is divided by 960/156 + (-12)/78?
5
Suppose -5*v - 8*g + 7*g = -330, 0 = -5*v + 2*g + 315. What is the remainder when v is divided by 52?
13
Suppose 4*l + 2*n = 1112, -2339 = -5*l + 4*n - 936. What is the remainder when l is divided by 70?
69
Let p(b) = b**2 - 5*b - 27. Let s be p(8). Calculate the remainder when (-2 + (-7)/s)/((-2)/(-78)) is divided by 5.
3
Suppose 0 = 5*h - 250 - 265. Suppose 2*i - 175 = -3*i. What is the remainder when h is divided by i?
33
Suppose 760 = -33*i + 53*i. Calculate the remainder when i is divided by 33.
5
Let b be 647/(-11) + 22/(-121). Let k be (-2)/10 - b/(-5). Let r = k + 13. What is the remainder when 2 is divided by r?
0
Let m = 4 - 5. Suppose 6 = -j + 40. Calculate the remainder when j is divided by (-11 + 5)*(m - 1).
10
Suppose -85 = -4*d + 283. Calculate the remainder when d is divided by (-2325)/(-125) - (-2)/5.
16
Suppose 7*n - 280 = 2*n. Calculate the remainder when n is divided by 15.
11
Let d = 30 + -12. Suppose -46 - 107 = -w. Let a = -66 + w. Calculate the remainder when a is divided by d.
15
Let p(w) = -w**3 + 12*w**2 + 40*w - 10. What is the remainder when p(14) is divided by 10?
8
Suppose 2*l = 5*l - 3*d - 165, 0 = -5*l + 6*d + 276. What is the remainder when 752 is divided by l?
50
Let z = 230 + -29. What is the remainder when z is divided by 29?
27
Suppose -4*g - 55 = -s, -4*s = 5*g + 124 - 407. What is the remainder when s is divided by 36?
31
Suppose -3*p + 593 = 2*w, 218 = w + 2*p - 79. Calculate the remainder when w is divided by 100.
95
Let g = 16 + -13. Suppose -n + g*n - 16 = 0. Suppose -7 = -3*w + n. Calculate the remainder when 9 is divided by w.
4
Let g(i) = 4*i + 170. What is the remainder when 248 is divided by g(-40)?
8
Suppose -5*d + 4*r + 42 = -3*d, 2*r - 8 = 0. What is the remainder when 57 is divided by d?
28
Suppose 0 = 4*g - 2*j - 658 + 158, -3*j = -6. What is the remainder when g is divided by 32?
30
Let k = 49 - 44. Suppose -2*j + 38 = -2*a, a - 116 = -5*j - a. Calculate the remainder when j is divided by k.
2
Suppose 18*p = -a + 19*p + 121, -3*a + 367 = p. What is the remainder when a is divided by 42?
38
Let x(f) = -f**3 + 3*f + 2. Let t = -3 + 0. Suppose -2*g - 106 = -220. Calculate the remainder when g is divided by x(t).
17
Let z be (-16)/(-6) + 8/6. Suppose -4*j + s + 85 = 0, -4*j + z*s = 6*s - 82. Calculate the remainder when j is divided by 12.
9
Let h(l) = -3*l + 9. Suppose 0 = -4*z - 5*d + 26, -12*z - 1 = -13*z - 4*d. What is the remainder when h(-8) is divided by z?
6
Suppose 0 = -l + 293 - 26. Suppose 3*h - 3*g - l = 0, 177 = 4*h + 4*g - 187. Calculate the remainder when h is divided by 23.
21
Suppose 1 = q - 3*d, -20 = 5*q - 5*d - 5. Let z(o) = 30*o - 72*o + 38*o - 16. Calculate the remainder when z(q) is divided by 2.
0
Let a = -1574 - -1711. Calculate the remainder when a is divided by 14.
11
Let x(w) = -4*w**3 + w**2 + 5*w + 5. Let y be x(-2). Let g = y + -20. Calculate the remainder when 40 is divided by g.
7
Suppose -25*w = -52*w + 864. Let b = 141 - 48. What is the remainder when b is divided by w?
29
Let x be (-4 - -5)*(0 - -1). Let y = -14 + 4. What is the remainder when 23 is divided by x + (3/(-1) - y)?
7
Suppose -10*x + 12*x = 100. What is the remainder when 245 is divided by x?
45
Let h = 47 - 15. Let z be (0 - 5)*(-8 + 16 - 9). Let b(n) = -n**3 + 5*n**2 + 3*n + 2. Calculate the remainder when h is divided by b(z).
15
Let g = -51 + 134. Calculate the remainder when g is divided by 34.
15
Let m = 1064 - 1004. What is the remainder when 82 is divided by m?
22
Let b = 373 + -357. What is the remainder when 139 is divided by b?
11
What is the remainder when 4/(1/(-16)*-4) is divided by (-5)/10*-14*1?
2
Suppose -c - 4*q - 6 = 0, 0 = -5*c + 3*q - 8*q + 15. Let x = 67 - 71. Let r(v) = 2*v**2 + 6*v - 4. What is the remainder when c is divided by r(x)?
2
Suppose 0 = 3*p + 2*d - 3*d - 38, 2*p + 5*d = 31. Suppose -137*j + 3097 + 7315 = 0. Calculate the remainder when j is divided by p.
11
Calculate the remainder when (4 + -3)/(1 - (-264)/(-267)) is divided by 30.
29
Let z = 23 + -18. Suppose -6 = 2*h, -z*f = -5*h + h - 37. What is the remainder when 31 is divided by f?
1
Suppose 5*k = 5*p - 0*p + 25, 3*k - 2*p = 15. Suppose 1043 = -9*d + 2519. Su